{"id":465,"date":"2024-08-17T04:26:07","date_gmt":"2024-08-17T04:26:07","guid":{"rendered":"https:\/\/sistecma.com.pe\/?post_type=product&#038;p=465"},"modified":"2024-08-25T04:17:22","modified_gmt":"2024-08-25T04:17:22","slug":"digicora-mw41","status":"publish","type":"product","link":"https:\/\/sistecma.com.pe\/?product=digicora-mw41","title":{"rendered":"Digicora MW41"},"content":{"rendered":"<p>El sistema de sondeo es una excelente opci\u00f3n para aplicaciones sin\u00f3pticas y de investigaci\u00f3n. Procesa, analiza, archiva y transmite datos de sondeo de radiosondas. El sistema independiente incluye una computadora conectada a un subsistema de procesamiento de sonido, junto con un sistema de antena y un dispositivo radiosonda de verificaci\u00f3n del terreno. Proporciona acceso al usuario a trav\u00e9s de una interfaz web<\/p>\n","protected":false},"excerpt":{"rendered":"<p>El sistema de sondeo es una excelente opci\u00f3n para aplicaciones sin\u00f3pticas y de investigaci\u00f3n. Procesa, analiza, archiva y transmite datos de sondeo de radiosondas. El sistema independiente incluye una computadora conectada a un subsistema de procesamiento de sonido, junto con un sistema de antena y un dispositivo radiosonda de verificaci\u00f3n del terreno. Proporciona acceso al usuario a trav\u00e9s de una interfaz web<\/p>\n","protected":false},"featured_media":519,"comment_status":"open","ping_status":"closed","template":"","meta":{"_joinchat":[]},"product_cat":[38],"product_tag":[43],"class_list":{"0":"post-465","1":"product","2":"type-product","3":"status-publish","4":"has-post-thumbnail","6":"product_cat-sondeo-atmosferico","7":"product_tag-sondeo-atmosferico","9":"first","10":"instock","11":"shipping-taxable","12":"product-type-simple"},"yoast_head":"<!-- This site is optimized with the Yoast SEO plugin v23.7 - https:\/\/yoast.com\/wordpress\/plugins\/seo\/ -->\n<title>Digicora MW41 - SISTECMA<\/title>\n<meta name=\"robots\" content=\"index, follow, max-snippet:-1, max-image-preview:large, max-video-preview:-1\" \/>\n<link rel=\"canonical\" href=\"https:\/\/sistecma.com.pe\/?product=digicora-mw41\" \/>\n<meta property=\"og:locale\" content=\"es_ES\" \/>\n<meta property=\"og:type\" content=\"article\" \/>\n<meta property=\"og:title\" content=\"Digicora MW41 - SISTECMA\" \/>\n<meta property=\"og:description\" content=\"El sistema de sondeo es una excelente opci\u00f3n para aplicaciones sin\u00f3pticas y de investigaci\u00f3n. Procesa, analiza, archiva y transmite datos de sondeo de radiosondas. El sistema independiente incluye una computadora conectada a un subsistema de procesamiento de sonido, junto con un sistema de antena y un dispositivo radiosonda de verificaci\u00f3n del terreno. Proporciona acceso al usuario a trav\u00e9s de una interfaz web\" \/>\n<meta property=\"og:url\" content=\"https:\/\/sistecma.com.pe\/?product=digicora-mw41\" \/>\n<meta property=\"og:site_name\" content=\"SISTECMA\" \/>\n<meta property=\"article:modified_time\" content=\"2024-08-25T04:17:22+00:00\" \/>\n<meta property=\"og:image\" content=\"https:\/\/sistecma.com.pe\/wp-content\/uploads\/2024\/08\/MW41.jpg\" \/>\n\t<meta property=\"og:image:width\" content=\"650\" \/>\n\t<meta property=\"og:image:height\" content=\"365\" \/>\n\t<meta property=\"og:image:type\" content=\"image\/jpeg\" \/>\n<meta name=\"twitter:card\" content=\"summary_large_image\" \/>\n<meta name=\"twitter:label1\" content=\"Est. reading time\" \/>\n\t<meta name=\"twitter:data1\" content=\"1 minuto\" \/>\n<script type=\"application\/ld+json\" class=\"yoast-schema-graph\">{\"@context\":\"https:\/\/schema.org\",\"@graph\":[{\"@type\":\"WebPage\",\"@id\":\"https:\/\/sistecma.com.pe\/?product=digicora-mw41\",\"url\":\"https:\/\/sistecma.com.pe\/?product=digicora-mw41\",\"name\":\"Digicora MW41 - SISTECMA\",\"isPartOf\":{\"@id\":\"https:\/\/sistecma.com.pe\/#website\"},\"primaryImageOfPage\":{\"@id\":\"https:\/\/sistecma.com.pe\/?product=digicora-mw41#primaryimage\"},\"image\":{\"@id\":\"https:\/\/sistecma.com.pe\/?product=digicora-mw41#primaryimage\"},\"thumbnailUrl\":\"https:\/\/sistecma.com.pe\/wp-content\/uploads\/2024\/08\/MW41.jpg\",\"datePublished\":\"2024-08-17T04:26:07+00:00\",\"dateModified\":\"2024-08-25T04:17:22+00:00\",\"breadcrumb\":{\"@id\":\"https:\/\/sistecma.com.pe\/?product=digicora-mw41#breadcrumb\"},\"inLanguage\":\"es-PE\",\"potentialAction\":[{\"@type\":\"ReadAction\",\"target\":[\"https:\/\/sistecma.com.pe\/?product=digicora-mw41\"]}]},{\"@type\":\"ImageObject\",\"inLanguage\":\"es-PE\",\"@id\":\"https:\/\/sistecma.com.pe\/?product=digicora-mw41#primaryimage\",\"url\":\"https:\/\/sistecma.com.pe\/wp-content\/uploads\/2024\/08\/MW41.jpg\",\"contentUrl\":\"https:\/\/sistecma.com.pe\/wp-content\/uploads\/2024\/08\/MW41.jpg\",\"width\":650,\"height\":365},{\"@type\":\"BreadcrumbList\",\"@id\":\"https:\/\/sistecma.com.pe\/?product=digicora-mw41#breadcrumb\",\"itemListElement\":[{\"@type\":\"ListItem\",\"position\":1,\"name\":\"Home\",\"item\":\"https:\/\/sistecma.com.pe\/\"},{\"@type\":\"ListItem\",\"position\":2,\"name\":\"Products\",\"item\":\"https:\/\/sistecma.com.pe\/?post_type=product\"},{\"@type\":\"ListItem\",\"position\":3,\"name\":\"Digicora MW41\"}]},{\"@type\":\"WebSite\",\"@id\":\"https:\/\/sistecma.com.pe\/#website\",\"url\":\"https:\/\/sistecma.com.pe\/\",\"name\":\"SISTECMA\",\"description\":\"\",\"potentialAction\":[{\"@type\":\"SearchAction\",\"target\":{\"@type\":\"EntryPoint\",\"urlTemplate\":\"https:\/\/sistecma.com.pe\/?s={search_term_string}\"},\"query-input\":{\"@type\":\"PropertyValueSpecification\",\"valueRequired\":true,\"valueName\":\"search_term_string\"}}],\"inLanguage\":\"es-PE\"}]}<\/script>\n<!-- \/ Yoast SEO plugin. -->","yoast_head_json":{"title":"Digicora MW41 - SISTECMA","robots":{"index":"index","follow":"follow","max-snippet":"max-snippet:-1","max-image-preview":"max-image-preview:large","max-video-preview":"max-video-preview:-1"},"canonical":"https:\/\/sistecma.com.pe\/?product=digicora-mw41","og_locale":"es_ES","og_type":"article","og_title":"Digicora MW41 - SISTECMA","og_description":"El sistema de sondeo es una excelente opci\u00f3n para aplicaciones sin\u00f3pticas y de investigaci\u00f3n. Procesa, analiza, archiva y transmite datos de sondeo de radiosondas. El sistema independiente incluye una computadora conectada a un subsistema de procesamiento de sonido, junto con un sistema de antena y un dispositivo radiosonda de verificaci\u00f3n del terreno. Proporciona acceso al usuario a trav\u00e9s de una interfaz web","og_url":"https:\/\/sistecma.com.pe\/?product=digicora-mw41","og_site_name":"SISTECMA","article_modified_time":"2024-08-25T04:17:22+00:00","og_image":[{"width":650,"height":365,"url":"https:\/\/sistecma.com.pe\/wp-content\/uploads\/2024\/08\/MW41.jpg","type":"image\/jpeg"}],"twitter_card":"summary_large_image","twitter_misc":{"Est. reading time":"1 minuto"},"schema":{"@context":"https:\/\/schema.org","@graph":[{"@type":"WebPage","@id":"https:\/\/sistecma.com.pe\/?product=digicora-mw41","url":"https:\/\/sistecma.com.pe\/?product=digicora-mw41","name":"Digicora MW41 - SISTECMA","isPartOf":{"@id":"https:\/\/sistecma.com.pe\/#website"},"primaryImageOfPage":{"@id":"https:\/\/sistecma.com.pe\/?product=digicora-mw41#primaryimage"},"image":{"@id":"https:\/\/sistecma.com.pe\/?product=digicora-mw41#primaryimage"},"thumbnailUrl":"https:\/\/sistecma.com.pe\/wp-content\/uploads\/2024\/08\/MW41.jpg","datePublished":"2024-08-17T04:26:07+00:00","dateModified":"2024-08-25T04:17:22+00:00","breadcrumb":{"@id":"https:\/\/sistecma.com.pe\/?product=digicora-mw41#breadcrumb"},"inLanguage":"es-PE","potentialAction":[{"@type":"ReadAction","target":["https:\/\/sistecma.com.pe\/?product=digicora-mw41"]}]},{"@type":"ImageObject","inLanguage":"es-PE","@id":"https:\/\/sistecma.com.pe\/?product=digicora-mw41#primaryimage","url":"https:\/\/sistecma.com.pe\/wp-content\/uploads\/2024\/08\/MW41.jpg","contentUrl":"https:\/\/sistecma.com.pe\/wp-content\/uploads\/2024\/08\/MW41.jpg","width":650,"height":365},{"@type":"BreadcrumbList","@id":"https:\/\/sistecma.com.pe\/?product=digicora-mw41#breadcrumb","itemListElement":[{"@type":"ListItem","position":1,"name":"Home","item":"https:\/\/sistecma.com.pe\/"},{"@type":"ListItem","position":2,"name":"Products","item":"https:\/\/sistecma.com.pe\/?post_type=product"},{"@type":"ListItem","position":3,"name":"Digicora MW41"}]},{"@type":"WebSite","@id":"https:\/\/sistecma.com.pe\/#website","url":"https:\/\/sistecma.com.pe\/","name":"SISTECMA","description":"","potentialAction":[{"@type":"SearchAction","target":{"@type":"EntryPoint","urlTemplate":"https:\/\/sistecma.com.pe\/?s={search_term_string}"},"query-input":{"@type":"PropertyValueSpecification","valueRequired":true,"valueName":"search_term_string"}}],"inLanguage":"es-PE"}]}},"_links":{"self":[{"href":"https:\/\/sistecma.com.pe\/index.php?rest_route=\/wp\/v2\/product\/465","targetHints":{"allow":["GET"]}}],"collection":[{"href":"https:\/\/sistecma.com.pe\/index.php?rest_route=\/wp\/v2\/product"}],"about":[{"href":"https:\/\/sistecma.com.pe\/index.php?rest_route=\/wp\/v2\/types\/product"}],"replies":[{"embeddable":true,"href":"https:\/\/sistecma.com.pe\/index.php?rest_route=%2Fwp%2Fv2%2Fcomments&post=465"}],"wp:featuredmedia":[{"embeddable":true,"href":"https:\/\/sistecma.com.pe\/index.php?rest_route=\/wp\/v2\/media\/519"}],"wp:attachment":[{"href":"https:\/\/sistecma.com.pe\/index.php?rest_route=%2Fwp%2Fv2%2Fmedia&parent=465"}],"wp:term":[{"taxonomy":"product_cat","embeddable":true,"href":"https:\/\/sistecma.com.pe\/index.php?rest_route=%2Fwp%2Fv2%2Fproduct_cat&post=465"},{"taxonomy":"product_tag","embeddable":true,"href":"https:\/\/sistecma.com.pe\/index.php?rest_route=%2Fwp%2Fv2%2Fproduct_tag&post=465"}],"curies":[{"name":"wp","href":"https:\/\/api.w.org\/{rel}","templated":true}]}}