{"id":460,"date":"2024-08-17T04:21:17","date_gmt":"2024-08-17T04:21:17","guid":{"rendered":"https:\/\/sistecma.com.pe\/?post_type=product&#038;p=460"},"modified":"2024-08-27T23:44:10","modified_gmt":"2024-08-27T23:44:10","slug":"marwim-32","status":"publish","type":"product","link":"https:\/\/sistecma.com.pe\/?product=marwim-32","title":{"rendered":"Marwim 32"},"content":{"rendered":"<p>El sistema de sondeo MARWIN proporciona un perfil atmosf\u00e9rico de viento, presi\u00f3n, temperatura y humedad desde la superficie hasta las altitudes utilizadas en el c\u00e1lculo de clima bal\u00edstico. Los datos se pueden utilizar como entrada en modelos meteorol\u00f3gicos num\u00e9ricos para proporcionar observaciones actualizadas para predicciones m\u00e1s precisas. El perfil atmosf\u00e9rico es \u00fatil en aplicaciones clim\u00e1ticas contra incendios, aviaci\u00f3n, QBRN, y navales<\/p>\n","protected":false},"excerpt":{"rendered":"<p>El sistema de sondeo MARWIN proporciona un perfil atmosf\u00e9rico de viento, presi\u00f3n, temperatura y humedad desde la superficie hasta las altitudes utilizadas en el c\u00e1lculo de clima bal\u00edstico. Los datos se pueden utilizar como entrada en modelos meteorol\u00f3gicos num\u00e9ricos para proporcionar observaciones actualizadas para predicciones m\u00e1s precisas. El perfil atmosf\u00e9rico es \u00fatil en aplicaciones clim\u00e1ticas contra incendios, aviaci\u00f3n, QBRN, y navales<\/p>\n","protected":false},"featured_media":522,"comment_status":"open","ping_status":"closed","template":"","meta":{"_joinchat":[]},"product_cat":[37],"product_tag":[44],"class_list":{"0":"post-460","1":"product","2":"type-product","3":"status-publish","4":"has-post-thumbnail","6":"product_cat-aplicaciones-de-defensa","7":"product_tag-aplicaciones-de-defensa","9":"first","10":"instock","11":"shipping-taxable","12":"product-type-simple"},"yoast_head":"<!-- This site is optimized with the Yoast SEO plugin v23.7 - https:\/\/yoast.com\/wordpress\/plugins\/seo\/ -->\n<title>Marwim 32 - SISTECMA<\/title>\n<meta name=\"robots\" content=\"index, follow, max-snippet:-1, max-image-preview:large, max-video-preview:-1\" \/>\n<link rel=\"canonical\" href=\"https:\/\/sistecma.com.pe\/?product=marwim-32\" \/>\n<meta property=\"og:locale\" content=\"es_ES\" \/>\n<meta property=\"og:type\" content=\"article\" \/>\n<meta property=\"og:title\" content=\"Marwim 32 - SISTECMA\" \/>\n<meta property=\"og:description\" content=\"El sistema de sondeo MARWIN proporciona un perfil atmosf\u00e9rico de viento, presi\u00f3n, temperatura y humedad desde la superficie hasta las altitudes utilizadas en el c\u00e1lculo de clima bal\u00edstico. Los datos se pueden utilizar como entrada en modelos meteorol\u00f3gicos num\u00e9ricos para proporcionar observaciones actualizadas para predicciones m\u00e1s precisas. El perfil atmosf\u00e9rico es \u00fatil en aplicaciones clim\u00e1ticas contra incendios, aviaci\u00f3n, QBRN, y navales\" \/>\n<meta property=\"og:url\" content=\"https:\/\/sistecma.com.pe\/?product=marwim-32\" \/>\n<meta property=\"og:site_name\" content=\"SISTECMA\" \/>\n<meta property=\"article:modified_time\" content=\"2024-08-27T23:44:10+00:00\" \/>\n<meta property=\"og:image\" content=\"https:\/\/sistecma.com.pe\/wp-content\/uploads\/2024\/08\/MARWIN-32.jpg\" \/>\n\t<meta property=\"og:image:width\" content=\"650\" \/>\n\t<meta property=\"og:image:height\" content=\"365\" \/>\n\t<meta property=\"og:image:type\" content=\"image\/jpeg\" \/>\n<meta name=\"twitter:card\" content=\"summary_large_image\" \/>\n<meta name=\"twitter:label1\" content=\"Est. reading time\" \/>\n\t<meta name=\"twitter:data1\" content=\"1 minuto\" \/>\n<script type=\"application\/ld+json\" class=\"yoast-schema-graph\">{\"@context\":\"https:\/\/schema.org\",\"@graph\":[{\"@type\":\"WebPage\",\"@id\":\"https:\/\/sistecma.com.pe\/?product=marwim-32\",\"url\":\"https:\/\/sistecma.com.pe\/?product=marwim-32\",\"name\":\"Marwim 32 - SISTECMA\",\"isPartOf\":{\"@id\":\"https:\/\/sistecma.com.pe\/#website\"},\"primaryImageOfPage\":{\"@id\":\"https:\/\/sistecma.com.pe\/?product=marwim-32#primaryimage\"},\"image\":{\"@id\":\"https:\/\/sistecma.com.pe\/?product=marwim-32#primaryimage\"},\"thumbnailUrl\":\"https:\/\/sistecma.com.pe\/wp-content\/uploads\/2024\/08\/MARWIN-32.jpg\",\"datePublished\":\"2024-08-17T04:21:17+00:00\",\"dateModified\":\"2024-08-27T23:44:10+00:00\",\"breadcrumb\":{\"@id\":\"https:\/\/sistecma.com.pe\/?product=marwim-32#breadcrumb\"},\"inLanguage\":\"es-PE\",\"potentialAction\":[{\"@type\":\"ReadAction\",\"target\":[\"https:\/\/sistecma.com.pe\/?product=marwim-32\"]}]},{\"@type\":\"ImageObject\",\"inLanguage\":\"es-PE\",\"@id\":\"https:\/\/sistecma.com.pe\/?product=marwim-32#primaryimage\",\"url\":\"https:\/\/sistecma.com.pe\/wp-content\/uploads\/2024\/08\/MARWIN-32.jpg\",\"contentUrl\":\"https:\/\/sistecma.com.pe\/wp-content\/uploads\/2024\/08\/MARWIN-32.jpg\",\"width\":650,\"height\":365},{\"@type\":\"BreadcrumbList\",\"@id\":\"https:\/\/sistecma.com.pe\/?product=marwim-32#breadcrumb\",\"itemListElement\":[{\"@type\":\"ListItem\",\"position\":1,\"name\":\"Home\",\"item\":\"https:\/\/sistecma.com.pe\/\"},{\"@type\":\"ListItem\",\"position\":2,\"name\":\"Products\",\"item\":\"https:\/\/sistecma.com.pe\/?post_type=product\"},{\"@type\":\"ListItem\",\"position\":3,\"name\":\"Marwim 32\"}]},{\"@type\":\"WebSite\",\"@id\":\"https:\/\/sistecma.com.pe\/#website\",\"url\":\"https:\/\/sistecma.com.pe\/\",\"name\":\"SISTECMA\",\"description\":\"\",\"potentialAction\":[{\"@type\":\"SearchAction\",\"target\":{\"@type\":\"EntryPoint\",\"urlTemplate\":\"https:\/\/sistecma.com.pe\/?s={search_term_string}\"},\"query-input\":{\"@type\":\"PropertyValueSpecification\",\"valueRequired\":true,\"valueName\":\"search_term_string\"}}],\"inLanguage\":\"es-PE\"}]}<\/script>\n<!-- \/ Yoast SEO plugin. -->","yoast_head_json":{"title":"Marwim 32 - SISTECMA","robots":{"index":"index","follow":"follow","max-snippet":"max-snippet:-1","max-image-preview":"max-image-preview:large","max-video-preview":"max-video-preview:-1"},"canonical":"https:\/\/sistecma.com.pe\/?product=marwim-32","og_locale":"es_ES","og_type":"article","og_title":"Marwim 32 - SISTECMA","og_description":"El sistema de sondeo MARWIN proporciona un perfil atmosf\u00e9rico de viento, presi\u00f3n, temperatura y humedad desde la superficie hasta las altitudes utilizadas en el c\u00e1lculo de clima bal\u00edstico. Los datos se pueden utilizar como entrada en modelos meteorol\u00f3gicos num\u00e9ricos para proporcionar observaciones actualizadas para predicciones m\u00e1s precisas. El perfil atmosf\u00e9rico es \u00fatil en aplicaciones clim\u00e1ticas contra incendios, aviaci\u00f3n, QBRN, y navales","og_url":"https:\/\/sistecma.com.pe\/?product=marwim-32","og_site_name":"SISTECMA","article_modified_time":"2024-08-27T23:44:10+00:00","og_image":[{"width":650,"height":365,"url":"https:\/\/sistecma.com.pe\/wp-content\/uploads\/2024\/08\/MARWIN-32.jpg","type":"image\/jpeg"}],"twitter_card":"summary_large_image","twitter_misc":{"Est. reading time":"1 minuto"},"schema":{"@context":"https:\/\/schema.org","@graph":[{"@type":"WebPage","@id":"https:\/\/sistecma.com.pe\/?product=marwim-32","url":"https:\/\/sistecma.com.pe\/?product=marwim-32","name":"Marwim 32 - SISTECMA","isPartOf":{"@id":"https:\/\/sistecma.com.pe\/#website"},"primaryImageOfPage":{"@id":"https:\/\/sistecma.com.pe\/?product=marwim-32#primaryimage"},"image":{"@id":"https:\/\/sistecma.com.pe\/?product=marwim-32#primaryimage"},"thumbnailUrl":"https:\/\/sistecma.com.pe\/wp-content\/uploads\/2024\/08\/MARWIN-32.jpg","datePublished":"2024-08-17T04:21:17+00:00","dateModified":"2024-08-27T23:44:10+00:00","breadcrumb":{"@id":"https:\/\/sistecma.com.pe\/?product=marwim-32#breadcrumb"},"inLanguage":"es-PE","potentialAction":[{"@type":"ReadAction","target":["https:\/\/sistecma.com.pe\/?product=marwim-32"]}]},{"@type":"ImageObject","inLanguage":"es-PE","@id":"https:\/\/sistecma.com.pe\/?product=marwim-32#primaryimage","url":"https:\/\/sistecma.com.pe\/wp-content\/uploads\/2024\/08\/MARWIN-32.jpg","contentUrl":"https:\/\/sistecma.com.pe\/wp-content\/uploads\/2024\/08\/MARWIN-32.jpg","width":650,"height":365},{"@type":"BreadcrumbList","@id":"https:\/\/sistecma.com.pe\/?product=marwim-32#breadcrumb","itemListElement":[{"@type":"ListItem","position":1,"name":"Home","item":"https:\/\/sistecma.com.pe\/"},{"@type":"ListItem","position":2,"name":"Products","item":"https:\/\/sistecma.com.pe\/?post_type=product"},{"@type":"ListItem","position":3,"name":"Marwim 32"}]},{"@type":"WebSite","@id":"https:\/\/sistecma.com.pe\/#website","url":"https:\/\/sistecma.com.pe\/","name":"SISTECMA","description":"","potentialAction":[{"@type":"SearchAction","target":{"@type":"EntryPoint","urlTemplate":"https:\/\/sistecma.com.pe\/?s={search_term_string}"},"query-input":{"@type":"PropertyValueSpecification","valueRequired":true,"valueName":"search_term_string"}}],"inLanguage":"es-PE"}]}},"_links":{"self":[{"href":"https:\/\/sistecma.com.pe\/index.php?rest_route=\/wp\/v2\/product\/460","targetHints":{"allow":["GET"]}}],"collection":[{"href":"https:\/\/sistecma.com.pe\/index.php?rest_route=\/wp\/v2\/product"}],"about":[{"href":"https:\/\/sistecma.com.pe\/index.php?rest_route=\/wp\/v2\/types\/product"}],"replies":[{"embeddable":true,"href":"https:\/\/sistecma.com.pe\/index.php?rest_route=%2Fwp%2Fv2%2Fcomments&post=460"}],"wp:featuredmedia":[{"embeddable":true,"href":"https:\/\/sistecma.com.pe\/index.php?rest_route=\/wp\/v2\/media\/522"}],"wp:attachment":[{"href":"https:\/\/sistecma.com.pe\/index.php?rest_route=%2Fwp%2Fv2%2Fmedia&parent=460"}],"wp:term":[{"taxonomy":"product_cat","embeddable":true,"href":"https:\/\/sistecma.com.pe\/index.php?rest_route=%2Fwp%2Fv2%2Fproduct_cat&post=460"},{"taxonomy":"product_tag","embeddable":true,"href":"https:\/\/sistecma.com.pe\/index.php?rest_route=%2Fwp%2Fv2%2Fproduct_tag&post=460"}],"curies":[{"name":"wp","href":"https:\/\/api.w.org\/{rel}","templated":true}]}}