{"id":457,"date":"2024-08-17T04:15:55","date_gmt":"2024-08-17T04:15:55","guid":{"rendered":"https:\/\/sistecma.com.pe\/?post_type=product&#038;p=457"},"modified":"2024-08-27T23:46:04","modified_gmt":"2024-08-27T23:46:04","slug":"radar-banda-x","status":"publish","type":"product","link":"https:\/\/sistecma.com.pe\/?product=radar-banda-x","title":{"rendered":"Radar Banda X &#8211; WRS400"},"content":{"rendered":"<p>El nuevo radar meteorol\u00f3gico de banda X proporciona mediciones precisas para un \u00e1rea limitada, completando un vac\u00edo en una red de radar nacional. En donde haya tiempo severo en zonas monta\u00f1osas y lagunas en lugares de escasas redes meteorol\u00f3gicas, ahora ser\u00e1n visibles con detecci\u00f3n precisas y pron\u00f3sticos inmediatos de condiciones peligrosas. Aprovechando el rendimiento de doble polarizaci\u00f3n, dise\u00f1ado para ofrecer una precisi\u00f3n excepcional, el radar de banda X ofrece datos limpios para aumentar la seguridad y mejorar la eficiencia operativa. Calibraci\u00f3n autom\u00e1tica y continua, f\u00e1cil, instalaci\u00f3n e integraci\u00f3n en redes existentes, una ruta de se\u00f1al simplificada y nuevos m\u00e9todos de medici\u00f3n para hacer que esta industria tecnol\u00f3gica sea l\u00edder.<\/p>\n","protected":false},"excerpt":{"rendered":"<p>El nuevo radar meteorol\u00f3gico de banda X proporciona mediciones precisas para un \u00e1rea limitada, completando un vac\u00edo en una red de radar nacional. En donde haya tiempo severo en zonas monta\u00f1osas y lagunas en lugares de escasas redes meteorol\u00f3gicas, ahora ser\u00e1n visibles con detecci\u00f3n precisas y pron\u00f3sticos inmediatos de condiciones peligrosas. Aprovechando el rendimiento de doble polarizaci\u00f3n, dise\u00f1ado para ofrecer una precisi\u00f3n excepcional, el radar de banda X ofrece datos limpios para aumentar la seguridad y mejorar la eficiencia operativa. Calibraci\u00f3n autom\u00e1tica y continua, f\u00e1cil, instalaci\u00f3n e integraci\u00f3n en redes existentes, una ruta de se\u00f1al simplificada y nuevos m\u00e9todos de medici\u00f3n para hacer que esta industria tecnol\u00f3gica sea l\u00edder.<\/p>\n","protected":false},"featured_media":526,"comment_status":"open","ping_status":"closed","template":"","meta":{"_joinchat":[]},"product_cat":[36],"product_tag":[45],"class_list":{"0":"post-457","1":"product","2":"type-product","3":"status-publish","4":"has-post-thumbnail","6":"product_cat-radar-meteorologico","7":"product_tag-radar-meteorologico","9":"first","10":"instock","11":"shipping-taxable","12":"product-type-simple"},"yoast_head":"<!-- This site is optimized with the Yoast SEO plugin v23.7 - https:\/\/yoast.com\/wordpress\/plugins\/seo\/ -->\n<title>Radar Banda X - WRS400 - SISTECMA<\/title>\n<meta name=\"robots\" content=\"index, follow, max-snippet:-1, max-image-preview:large, max-video-preview:-1\" \/>\n<link rel=\"canonical\" href=\"https:\/\/sistecma.com.pe\/?product=radar-banda-x\" \/>\n<meta property=\"og:locale\" content=\"es_ES\" \/>\n<meta property=\"og:type\" content=\"article\" \/>\n<meta property=\"og:title\" content=\"Radar Banda X - WRS400 - SISTECMA\" \/>\n<meta property=\"og:description\" content=\"El nuevo radar meteorol\u00f3gico de banda X proporciona mediciones precisas para un \u00e1rea limitada, completando un vac\u00edo en una red de radar nacional. En donde haya tiempo severo en zonas monta\u00f1osas y lagunas en lugares de escasas redes meteorol\u00f3gicas, ahora ser\u00e1n visibles con detecci\u00f3n precisas y pron\u00f3sticos inmediatos de condiciones peligrosas. Aprovechando el rendimiento de doble polarizaci\u00f3n, dise\u00f1ado para ofrecer una precisi\u00f3n excepcional, el radar de banda X ofrece datos limpios para aumentar la seguridad y mejorar la eficiencia operativa. Calibraci\u00f3n autom\u00e1tica y continua, f\u00e1cil, instalaci\u00f3n e integraci\u00f3n en redes existentes, una ruta de se\u00f1al simplificada y nuevos m\u00e9todos de medici\u00f3n para hacer que esta industria tecnol\u00f3gica sea l\u00edder.\" \/>\n<meta property=\"og:url\" content=\"https:\/\/sistecma.com.pe\/?product=radar-banda-x\" \/>\n<meta property=\"og:site_name\" content=\"SISTECMA\" \/>\n<meta property=\"article:modified_time\" content=\"2024-08-27T23:46:04+00:00\" \/>\n<meta property=\"og:image\" content=\"https:\/\/sistecma.com.pe\/wp-content\/uploads\/2024\/08\/WRS400.jpg\" \/>\n\t<meta property=\"og:image:width\" content=\"1100\" \/>\n\t<meta property=\"og:image:height\" content=\"825\" \/>\n\t<meta property=\"og:image:type\" content=\"image\/jpeg\" \/>\n<meta name=\"twitter:card\" content=\"summary_large_image\" \/>\n<meta name=\"twitter:label1\" content=\"Est. reading time\" \/>\n\t<meta name=\"twitter:data1\" content=\"1 minuto\" \/>\n<script type=\"application\/ld+json\" class=\"yoast-schema-graph\">{\"@context\":\"https:\/\/schema.org\",\"@graph\":[{\"@type\":\"WebPage\",\"@id\":\"https:\/\/sistecma.com.pe\/?product=radar-banda-x\",\"url\":\"https:\/\/sistecma.com.pe\/?product=radar-banda-x\",\"name\":\"Radar Banda X - WRS400 - SISTECMA\",\"isPartOf\":{\"@id\":\"https:\/\/sistecma.com.pe\/#website\"},\"primaryImageOfPage\":{\"@id\":\"https:\/\/sistecma.com.pe\/?product=radar-banda-x#primaryimage\"},\"image\":{\"@id\":\"https:\/\/sistecma.com.pe\/?product=radar-banda-x#primaryimage\"},\"thumbnailUrl\":\"https:\/\/sistecma.com.pe\/wp-content\/uploads\/2024\/08\/WRS400.jpg\",\"datePublished\":\"2024-08-17T04:15:55+00:00\",\"dateModified\":\"2024-08-27T23:46:04+00:00\",\"breadcrumb\":{\"@id\":\"https:\/\/sistecma.com.pe\/?product=radar-banda-x#breadcrumb\"},\"inLanguage\":\"es-PE\",\"potentialAction\":[{\"@type\":\"ReadAction\",\"target\":[\"https:\/\/sistecma.com.pe\/?product=radar-banda-x\"]}]},{\"@type\":\"ImageObject\",\"inLanguage\":\"es-PE\",\"@id\":\"https:\/\/sistecma.com.pe\/?product=radar-banda-x#primaryimage\",\"url\":\"https:\/\/sistecma.com.pe\/wp-content\/uploads\/2024\/08\/WRS400.jpg\",\"contentUrl\":\"https:\/\/sistecma.com.pe\/wp-content\/uploads\/2024\/08\/WRS400.jpg\",\"width\":1100,\"height\":825},{\"@type\":\"BreadcrumbList\",\"@id\":\"https:\/\/sistecma.com.pe\/?product=radar-banda-x#breadcrumb\",\"itemListElement\":[{\"@type\":\"ListItem\",\"position\":1,\"name\":\"Home\",\"item\":\"https:\/\/sistecma.com.pe\/\"},{\"@type\":\"ListItem\",\"position\":2,\"name\":\"Products\",\"item\":\"https:\/\/sistecma.com.pe\/?post_type=product\"},{\"@type\":\"ListItem\",\"position\":3,\"name\":\"Radar Banda X &#8211; WRS400\"}]},{\"@type\":\"WebSite\",\"@id\":\"https:\/\/sistecma.com.pe\/#website\",\"url\":\"https:\/\/sistecma.com.pe\/\",\"name\":\"SISTECMA\",\"description\":\"\",\"potentialAction\":[{\"@type\":\"SearchAction\",\"target\":{\"@type\":\"EntryPoint\",\"urlTemplate\":\"https:\/\/sistecma.com.pe\/?s={search_term_string}\"},\"query-input\":{\"@type\":\"PropertyValueSpecification\",\"valueRequired\":true,\"valueName\":\"search_term_string\"}}],\"inLanguage\":\"es-PE\"}]}<\/script>\n<!-- \/ Yoast SEO plugin. -->","yoast_head_json":{"title":"Radar Banda X - WRS400 - SISTECMA","robots":{"index":"index","follow":"follow","max-snippet":"max-snippet:-1","max-image-preview":"max-image-preview:large","max-video-preview":"max-video-preview:-1"},"canonical":"https:\/\/sistecma.com.pe\/?product=radar-banda-x","og_locale":"es_ES","og_type":"article","og_title":"Radar Banda X - WRS400 - SISTECMA","og_description":"El nuevo radar meteorol\u00f3gico de banda X proporciona mediciones precisas para un \u00e1rea limitada, completando un vac\u00edo en una red de radar nacional. En donde haya tiempo severo en zonas monta\u00f1osas y lagunas en lugares de escasas redes meteorol\u00f3gicas, ahora ser\u00e1n visibles con detecci\u00f3n precisas y pron\u00f3sticos inmediatos de condiciones peligrosas. Aprovechando el rendimiento de doble polarizaci\u00f3n, dise\u00f1ado para ofrecer una precisi\u00f3n excepcional, el radar de banda X ofrece datos limpios para aumentar la seguridad y mejorar la eficiencia operativa. Calibraci\u00f3n autom\u00e1tica y continua, f\u00e1cil, instalaci\u00f3n e integraci\u00f3n en redes existentes, una ruta de se\u00f1al simplificada y nuevos m\u00e9todos de medici\u00f3n para hacer que esta industria tecnol\u00f3gica sea l\u00edder.","og_url":"https:\/\/sistecma.com.pe\/?product=radar-banda-x","og_site_name":"SISTECMA","article_modified_time":"2024-08-27T23:46:04+00:00","og_image":[{"width":1100,"height":825,"url":"https:\/\/sistecma.com.pe\/wp-content\/uploads\/2024\/08\/WRS400.jpg","type":"image\/jpeg"}],"twitter_card":"summary_large_image","twitter_misc":{"Est. reading time":"1 minuto"},"schema":{"@context":"https:\/\/schema.org","@graph":[{"@type":"WebPage","@id":"https:\/\/sistecma.com.pe\/?product=radar-banda-x","url":"https:\/\/sistecma.com.pe\/?product=radar-banda-x","name":"Radar Banda X - WRS400 - SISTECMA","isPartOf":{"@id":"https:\/\/sistecma.com.pe\/#website"},"primaryImageOfPage":{"@id":"https:\/\/sistecma.com.pe\/?product=radar-banda-x#primaryimage"},"image":{"@id":"https:\/\/sistecma.com.pe\/?product=radar-banda-x#primaryimage"},"thumbnailUrl":"https:\/\/sistecma.com.pe\/wp-content\/uploads\/2024\/08\/WRS400.jpg","datePublished":"2024-08-17T04:15:55+00:00","dateModified":"2024-08-27T23:46:04+00:00","breadcrumb":{"@id":"https:\/\/sistecma.com.pe\/?product=radar-banda-x#breadcrumb"},"inLanguage":"es-PE","potentialAction":[{"@type":"ReadAction","target":["https:\/\/sistecma.com.pe\/?product=radar-banda-x"]}]},{"@type":"ImageObject","inLanguage":"es-PE","@id":"https:\/\/sistecma.com.pe\/?product=radar-banda-x#primaryimage","url":"https:\/\/sistecma.com.pe\/wp-content\/uploads\/2024\/08\/WRS400.jpg","contentUrl":"https:\/\/sistecma.com.pe\/wp-content\/uploads\/2024\/08\/WRS400.jpg","width":1100,"height":825},{"@type":"BreadcrumbList","@id":"https:\/\/sistecma.com.pe\/?product=radar-banda-x#breadcrumb","itemListElement":[{"@type":"ListItem","position":1,"name":"Home","item":"https:\/\/sistecma.com.pe\/"},{"@type":"ListItem","position":2,"name":"Products","item":"https:\/\/sistecma.com.pe\/?post_type=product"},{"@type":"ListItem","position":3,"name":"Radar Banda X &#8211; WRS400"}]},{"@type":"WebSite","@id":"https:\/\/sistecma.com.pe\/#website","url":"https:\/\/sistecma.com.pe\/","name":"SISTECMA","description":"","potentialAction":[{"@type":"SearchAction","target":{"@type":"EntryPoint","urlTemplate":"https:\/\/sistecma.com.pe\/?s={search_term_string}"},"query-input":{"@type":"PropertyValueSpecification","valueRequired":true,"valueName":"search_term_string"}}],"inLanguage":"es-PE"}]}},"_links":{"self":[{"href":"https:\/\/sistecma.com.pe\/index.php?rest_route=\/wp\/v2\/product\/457","targetHints":{"allow":["GET"]}}],"collection":[{"href":"https:\/\/sistecma.com.pe\/index.php?rest_route=\/wp\/v2\/product"}],"about":[{"href":"https:\/\/sistecma.com.pe\/index.php?rest_route=\/wp\/v2\/types\/product"}],"replies":[{"embeddable":true,"href":"https:\/\/sistecma.com.pe\/index.php?rest_route=%2Fwp%2Fv2%2Fcomments&post=457"}],"wp:featuredmedia":[{"embeddable":true,"href":"https:\/\/sistecma.com.pe\/index.php?rest_route=\/wp\/v2\/media\/526"}],"wp:attachment":[{"href":"https:\/\/sistecma.com.pe\/index.php?rest_route=%2Fwp%2Fv2%2Fmedia&parent=457"}],"wp:term":[{"taxonomy":"product_cat","embeddable":true,"href":"https:\/\/sistecma.com.pe\/index.php?rest_route=%2Fwp%2Fv2%2Fproduct_cat&post=457"},{"taxonomy":"product_tag","embeddable":true,"href":"https:\/\/sistecma.com.pe\/index.php?rest_route=%2Fwp%2Fv2%2Fproduct_tag&post=457"}],"curies":[{"name":"wp","href":"https:\/\/api.w.org\/{rel}","templated":true}]}}