{"id":453,"date":"2024-08-17T04:09:56","date_gmt":"2024-08-17T04:09:56","guid":{"rendered":"https:\/\/sistecma.com.pe\/?post_type=product&#038;p=453"},"modified":"2024-08-27T23:49:43","modified_gmt":"2024-08-27T23:49:43","slug":"bgan-2","status":"publish","type":"product","link":"https:\/\/sistecma.com.pe\/?product=bgan-2","title":{"rendered":"BGAN"},"content":{"rendered":"<p>El terminal satelital BGAN es el m\u00e1s rentable con un consumo de energ\u00eda excepcionalmente bajo. El producto proporciona conectividad confiable a trav\u00e9s de la red de \u00e1rea global de banda ancha (BGAN) de Inmarsat para aplicaciones IP SCADA y de m\u00e1quina a m\u00e1quina. La terminal ofrece conectividad de datos IP asequible, global y de extremo a extremo, lo que permite aplicaciones en sectores industriales como monitoreo ambiental, SmartGrid, monitoreo de tuber\u00edas, monitoreo de compresores, as\u00ed como automatizaci\u00f3n del sitio, videovigilancia y gesti\u00f3n fuera de banda para las comunicaciones del sitio primario. La terminal otorfa al usuario la libertar para colocar la antena de forma remota y alejada del transceptor en instalaciones complejas, al mismo tiempo que asegura la tarjeta SIM dentro una instalaci\u00f3n o recinto para protegerla mejor contra el uso no autorizado, robo y vandalismo.<\/p>\n","protected":false},"excerpt":{"rendered":"<p>El terminal satelital BGAN es el m\u00e1s rentable con un consumo de energ\u00eda excepcionalmente bajo. El producto proporciona conectividad confiable a trav\u00e9s de la red de \u00e1rea global de banda ancha (BGAN) de Inmarsat para aplicaciones IP SCADA y de m\u00e1quina a m\u00e1quina. La terminal ofrece conectividad de datos IP asequible, global y de extremo a extremo, lo que permite aplicaciones en sectores industriales como monitoreo ambiental, SmartGrid, monitoreo de tuber\u00edas, monitoreo de compresores, as\u00ed como automatizaci\u00f3n del sitio, videovigilancia y gesti\u00f3n fuera de banda para las comunicaciones del sitio primario. La terminal otorfa al usuario la libertar para colocar la antena de forma remota y alejada del transceptor en instalaciones complejas, al mismo tiempo que asegura la tarjeta SIM dentro una instalaci\u00f3n o recinto para protegerla mejor contra el uso no autorizado, robo y vandalismo.<\/p>\n","protected":false},"featured_media":529,"comment_status":"open","ping_status":"closed","template":"","meta":{"_joinchat":[]},"product_cat":[34],"product_tag":[47],"class_list":{"0":"post-453","1":"product","2":"type-product","3":"status-publish","4":"has-post-thumbnail","6":"product_cat-hidrologia","7":"product_tag-hidrologia","9":"first","10":"instock","11":"shipping-taxable","12":"product-type-simple"},"yoast_head":"<!-- This site is optimized with the Yoast SEO plugin v23.7 - https:\/\/yoast.com\/wordpress\/plugins\/seo\/ -->\n<title>BGAN - SISTECMA<\/title>\n<meta name=\"description\" content=\"El producto proporciona conectividad confiable a trav\u00e9s de la red de \u00e1rea global de banda ancha (BGAN) de Inmarsat para aplicaciones IP SCADA y de m\u00e1quina a m\u00e1quina.\" \/>\n<meta name=\"robots\" content=\"index, follow, max-snippet:-1, max-image-preview:large, max-video-preview:-1\" \/>\n<link rel=\"canonical\" href=\"https:\/\/sistecma.com.pe\/?product=bgan-2\" \/>\n<meta property=\"og:locale\" content=\"es_ES\" \/>\n<meta property=\"og:type\" content=\"article\" \/>\n<meta property=\"og:title\" content=\"BGAN - SISTECMA\" \/>\n<meta property=\"og:description\" content=\"El producto proporciona conectividad confiable a trav\u00e9s de la red de \u00e1rea global de banda ancha (BGAN) de Inmarsat para aplicaciones IP SCADA y de m\u00e1quina a m\u00e1quina.\" \/>\n<meta property=\"og:url\" content=\"https:\/\/sistecma.com.pe\/?product=bgan-2\" \/>\n<meta property=\"og:site_name\" content=\"SISTECMA\" \/>\n<meta property=\"article:modified_time\" content=\"2024-08-27T23:49:43+00:00\" \/>\n<meta property=\"og:image\" content=\"https:\/\/sistecma.com.pe\/wp-content\/uploads\/2024\/08\/BGAN-copy.png\" \/>\n\t<meta property=\"og:image:width\" content=\"475\" \/>\n\t<meta property=\"og:image:height\" content=\"300\" \/>\n\t<meta property=\"og:image:type\" content=\"image\/png\" \/>\n<meta name=\"twitter:card\" content=\"summary_large_image\" \/>\n<meta name=\"twitter:label1\" content=\"Est. reading time\" \/>\n\t<meta name=\"twitter:data1\" content=\"1 minuto\" \/>\n<script type=\"application\/ld+json\" class=\"yoast-schema-graph\">{\"@context\":\"https:\/\/schema.org\",\"@graph\":[{\"@type\":\"WebPage\",\"@id\":\"https:\/\/sistecma.com.pe\/?product=bgan-2\",\"url\":\"https:\/\/sistecma.com.pe\/?product=bgan-2\",\"name\":\"BGAN - SISTECMA\",\"isPartOf\":{\"@id\":\"https:\/\/sistecma.com.pe\/#website\"},\"primaryImageOfPage\":{\"@id\":\"https:\/\/sistecma.com.pe\/?product=bgan-2#primaryimage\"},\"image\":{\"@id\":\"https:\/\/sistecma.com.pe\/?product=bgan-2#primaryimage\"},\"thumbnailUrl\":\"https:\/\/sistecma.com.pe\/wp-content\/uploads\/2024\/08\/BGAN-copy.png\",\"datePublished\":\"2024-08-17T04:09:56+00:00\",\"dateModified\":\"2024-08-27T23:49:43+00:00\",\"description\":\"El producto proporciona conectividad confiable a trav\u00e9s de la red de \u00e1rea global de banda ancha (BGAN) de Inmarsat para aplicaciones IP SCADA y de m\u00e1quina a m\u00e1quina.\",\"breadcrumb\":{\"@id\":\"https:\/\/sistecma.com.pe\/?product=bgan-2#breadcrumb\"},\"inLanguage\":\"es-PE\",\"potentialAction\":[{\"@type\":\"ReadAction\",\"target\":[\"https:\/\/sistecma.com.pe\/?product=bgan-2\"]}]},{\"@type\":\"ImageObject\",\"inLanguage\":\"es-PE\",\"@id\":\"https:\/\/sistecma.com.pe\/?product=bgan-2#primaryimage\",\"url\":\"https:\/\/sistecma.com.pe\/wp-content\/uploads\/2024\/08\/BGAN-copy.png\",\"contentUrl\":\"https:\/\/sistecma.com.pe\/wp-content\/uploads\/2024\/08\/BGAN-copy.png\",\"width\":475,\"height\":300},{\"@type\":\"BreadcrumbList\",\"@id\":\"https:\/\/sistecma.com.pe\/?product=bgan-2#breadcrumb\",\"itemListElement\":[{\"@type\":\"ListItem\",\"position\":1,\"name\":\"Home\",\"item\":\"https:\/\/sistecma.com.pe\/\"},{\"@type\":\"ListItem\",\"position\":2,\"name\":\"Products\",\"item\":\"https:\/\/sistecma.com.pe\/?post_type=product\"},{\"@type\":\"ListItem\",\"position\":3,\"name\":\"BGAN\"}]},{\"@type\":\"WebSite\",\"@id\":\"https:\/\/sistecma.com.pe\/#website\",\"url\":\"https:\/\/sistecma.com.pe\/\",\"name\":\"SISTECMA\",\"description\":\"\",\"potentialAction\":[{\"@type\":\"SearchAction\",\"target\":{\"@type\":\"EntryPoint\",\"urlTemplate\":\"https:\/\/sistecma.com.pe\/?s={search_term_string}\"},\"query-input\":{\"@type\":\"PropertyValueSpecification\",\"valueRequired\":true,\"valueName\":\"search_term_string\"}}],\"inLanguage\":\"es-PE\"}]}<\/script>\n<!-- \/ Yoast SEO plugin. -->","yoast_head_json":{"title":"BGAN - SISTECMA","description":"El producto proporciona conectividad confiable a trav\u00e9s de la red de \u00e1rea global de banda ancha (BGAN) de Inmarsat para aplicaciones IP SCADA y de m\u00e1quina a m\u00e1quina.","robots":{"index":"index","follow":"follow","max-snippet":"max-snippet:-1","max-image-preview":"max-image-preview:large","max-video-preview":"max-video-preview:-1"},"canonical":"https:\/\/sistecma.com.pe\/?product=bgan-2","og_locale":"es_ES","og_type":"article","og_title":"BGAN - SISTECMA","og_description":"El producto proporciona conectividad confiable a trav\u00e9s de la red de \u00e1rea global de banda ancha (BGAN) de Inmarsat para aplicaciones IP SCADA y de m\u00e1quina a m\u00e1quina.","og_url":"https:\/\/sistecma.com.pe\/?product=bgan-2","og_site_name":"SISTECMA","article_modified_time":"2024-08-27T23:49:43+00:00","og_image":[{"width":475,"height":300,"url":"https:\/\/sistecma.com.pe\/wp-content\/uploads\/2024\/08\/BGAN-copy.png","type":"image\/png"}],"twitter_card":"summary_large_image","twitter_misc":{"Est. reading time":"1 minuto"},"schema":{"@context":"https:\/\/schema.org","@graph":[{"@type":"WebPage","@id":"https:\/\/sistecma.com.pe\/?product=bgan-2","url":"https:\/\/sistecma.com.pe\/?product=bgan-2","name":"BGAN - SISTECMA","isPartOf":{"@id":"https:\/\/sistecma.com.pe\/#website"},"primaryImageOfPage":{"@id":"https:\/\/sistecma.com.pe\/?product=bgan-2#primaryimage"},"image":{"@id":"https:\/\/sistecma.com.pe\/?product=bgan-2#primaryimage"},"thumbnailUrl":"https:\/\/sistecma.com.pe\/wp-content\/uploads\/2024\/08\/BGAN-copy.png","datePublished":"2024-08-17T04:09:56+00:00","dateModified":"2024-08-27T23:49:43+00:00","description":"El producto proporciona conectividad confiable a trav\u00e9s de la red de \u00e1rea global de banda ancha (BGAN) de Inmarsat para aplicaciones IP SCADA y de m\u00e1quina a m\u00e1quina.","breadcrumb":{"@id":"https:\/\/sistecma.com.pe\/?product=bgan-2#breadcrumb"},"inLanguage":"es-PE","potentialAction":[{"@type":"ReadAction","target":["https:\/\/sistecma.com.pe\/?product=bgan-2"]}]},{"@type":"ImageObject","inLanguage":"es-PE","@id":"https:\/\/sistecma.com.pe\/?product=bgan-2#primaryimage","url":"https:\/\/sistecma.com.pe\/wp-content\/uploads\/2024\/08\/BGAN-copy.png","contentUrl":"https:\/\/sistecma.com.pe\/wp-content\/uploads\/2024\/08\/BGAN-copy.png","width":475,"height":300},{"@type":"BreadcrumbList","@id":"https:\/\/sistecma.com.pe\/?product=bgan-2#breadcrumb","itemListElement":[{"@type":"ListItem","position":1,"name":"Home","item":"https:\/\/sistecma.com.pe\/"},{"@type":"ListItem","position":2,"name":"Products","item":"https:\/\/sistecma.com.pe\/?post_type=product"},{"@type":"ListItem","position":3,"name":"BGAN"}]},{"@type":"WebSite","@id":"https:\/\/sistecma.com.pe\/#website","url":"https:\/\/sistecma.com.pe\/","name":"SISTECMA","description":"","potentialAction":[{"@type":"SearchAction","target":{"@type":"EntryPoint","urlTemplate":"https:\/\/sistecma.com.pe\/?s={search_term_string}"},"query-input":{"@type":"PropertyValueSpecification","valueRequired":true,"valueName":"search_term_string"}}],"inLanguage":"es-PE"}]}},"_links":{"self":[{"href":"https:\/\/sistecma.com.pe\/index.php?rest_route=\/wp\/v2\/product\/453","targetHints":{"allow":["GET"]}}],"collection":[{"href":"https:\/\/sistecma.com.pe\/index.php?rest_route=\/wp\/v2\/product"}],"about":[{"href":"https:\/\/sistecma.com.pe\/index.php?rest_route=\/wp\/v2\/types\/product"}],"replies":[{"embeddable":true,"href":"https:\/\/sistecma.com.pe\/index.php?rest_route=%2Fwp%2Fv2%2Fcomments&post=453"}],"wp:featuredmedia":[{"embeddable":true,"href":"https:\/\/sistecma.com.pe\/index.php?rest_route=\/wp\/v2\/media\/529"}],"wp:attachment":[{"href":"https:\/\/sistecma.com.pe\/index.php?rest_route=%2Fwp%2Fv2%2Fmedia&parent=453"}],"wp:term":[{"taxonomy":"product_cat","embeddable":true,"href":"https:\/\/sistecma.com.pe\/index.php?rest_route=%2Fwp%2Fv2%2Fproduct_cat&post=453"},{"taxonomy":"product_tag","embeddable":true,"href":"https:\/\/sistecma.com.pe\/index.php?rest_route=%2Fwp%2Fv2%2Fproduct_tag&post=453"}],"curies":[{"name":"wp","href":"https:\/\/api.w.org\/{rel}","templated":true}]}}