{"id":448,"date":"2024-08-17T04:02:45","date_gmt":"2024-08-17T04:02:45","guid":{"rendered":"https:\/\/sistecma.com.pe\/?post_type=product&#038;p=448"},"modified":"2024-08-27T23:54:04","modified_gmt":"2024-08-27T23:54:04","slug":"sistema-de-observacion-maritima-aws430","status":"publish","type":"product","link":"https:\/\/sistecma.com.pe\/?product=sistema-de-observacion-maritima-aws430","title":{"rendered":"Sistema de Observaci\u00f3n Mar\u00edtima &#8211; AWS430"},"content":{"rendered":"<p>El sistema de observaci\u00f3n mar\u00edtima es una estaci\u00f3n meteorol\u00f3gica autom\u00e1tica dise\u00f1ada para entornos mar\u00edtimos marinos como barcos, embarcaciones FPSO y plataformas oce\u00e1nicas. Con opciones de sensores de terceros que incluyen oce\u00e1nicos observaciones, proporciona informaci\u00f3n s\u00f3lida y en tiempo real necesaria para hacer el complejo c\u00e1lculo del tiempo y de las condiciones oce\u00e1nicas necesarios para operaciones costa afuera seguras y eficientes. El sistema tambi\u00e9n est\u00e1 dise\u00f1ado para resistir la sal, humedad, temperaturas extremas y vibraciones y choques de impacto que son una parte diaria del trabajo en el mar<\/p>\n","protected":false},"excerpt":{"rendered":"<p>El sistema de observaci\u00f3n mar\u00edtima es una estaci\u00f3n meteorol\u00f3gica autom\u00e1tica dise\u00f1ada para entornos mar\u00edtimos marinos como barcos, embarcaciones FPSO y plataformas oce\u00e1nicas. Con opciones de sensores de terceros que incluyen oce\u00e1nicos observaciones, proporciona informaci\u00f3n s\u00f3lida y en tiempo real necesaria para hacer el complejo c\u00e1lculo del tiempo y de las condiciones oce\u00e1nicas necesarios para operaciones costa afuera seguras y eficientes. El sistema tambi\u00e9n est\u00e1 dise\u00f1ado para resistir la sal, humedad, temperaturas extremas y vibraciones y choques de impacto que son una parte diaria del trabajo en el mar<\/p>\n","protected":false},"featured_media":535,"comment_status":"open","ping_status":"closed","template":"","meta":{"_joinchat":[]},"product_cat":[33],"product_tag":[48],"class_list":{"0":"post-448","1":"product","2":"type-product","3":"status-publish","4":"has-post-thumbnail","6":"product_cat-meteorologia","7":"product_tag-meteorologia","9":"first","10":"instock","11":"shipping-taxable","12":"product-type-simple"},"yoast_head":"<!-- This site is optimized with the Yoast SEO plugin v23.7 - https:\/\/yoast.com\/wordpress\/plugins\/seo\/ -->\n<title>Sistema de Observaci\u00f3n Mar\u00edtima - AWS430 - SISTECMA<\/title>\n<meta name=\"robots\" content=\"index, follow, max-snippet:-1, max-image-preview:large, max-video-preview:-1\" \/>\n<link rel=\"canonical\" href=\"https:\/\/sistecma.com.pe\/?product=sistema-de-observacion-maritima-aws430\" \/>\n<meta property=\"og:locale\" content=\"es_ES\" \/>\n<meta property=\"og:type\" content=\"article\" \/>\n<meta property=\"og:title\" content=\"Sistema de Observaci\u00f3n Mar\u00edtima - AWS430 - SISTECMA\" \/>\n<meta property=\"og:description\" content=\"El sistema de observaci\u00f3n mar\u00edtima es una estaci\u00f3n meteorol\u00f3gica autom\u00e1tica dise\u00f1ada para entornos mar\u00edtimos marinos como barcos, embarcaciones FPSO y plataformas oce\u00e1nicas. Con opciones de sensores de terceros que incluyen oce\u00e1nicos observaciones, proporciona informaci\u00f3n s\u00f3lida y en tiempo real necesaria para hacer el complejo c\u00e1lculo del tiempo y de las condiciones oce\u00e1nicas necesarios para operaciones costa afuera seguras y eficientes. El sistema tambi\u00e9n est\u00e1 dise\u00f1ado para resistir la sal, humedad, temperaturas extremas y vibraciones y choques de impacto que son una parte diaria del trabajo en el mar\" \/>\n<meta property=\"og:url\" content=\"https:\/\/sistecma.com.pe\/?product=sistema-de-observacion-maritima-aws430\" \/>\n<meta property=\"og:site_name\" content=\"SISTECMA\" \/>\n<meta property=\"article:modified_time\" content=\"2024-08-27T23:54:04+00:00\" \/>\n<meta property=\"og:image\" content=\"https:\/\/sistecma.com.pe\/wp-content\/uploads\/2024\/08\/AWS430.jpg\" \/>\n\t<meta property=\"og:image:width\" content=\"650\" \/>\n\t<meta property=\"og:image:height\" content=\"365\" \/>\n\t<meta property=\"og:image:type\" content=\"image\/jpeg\" \/>\n<meta name=\"twitter:card\" content=\"summary_large_image\" \/>\n<meta name=\"twitter:label1\" content=\"Est. reading time\" \/>\n\t<meta name=\"twitter:data1\" content=\"1 minuto\" \/>\n<script type=\"application\/ld+json\" class=\"yoast-schema-graph\">{\"@context\":\"https:\/\/schema.org\",\"@graph\":[{\"@type\":\"WebPage\",\"@id\":\"https:\/\/sistecma.com.pe\/?product=sistema-de-observacion-maritima-aws430\",\"url\":\"https:\/\/sistecma.com.pe\/?product=sistema-de-observacion-maritima-aws430\",\"name\":\"Sistema de Observaci\u00f3n Mar\u00edtima - AWS430 - SISTECMA\",\"isPartOf\":{\"@id\":\"https:\/\/sistecma.com.pe\/#website\"},\"primaryImageOfPage\":{\"@id\":\"https:\/\/sistecma.com.pe\/?product=sistema-de-observacion-maritima-aws430#primaryimage\"},\"image\":{\"@id\":\"https:\/\/sistecma.com.pe\/?product=sistema-de-observacion-maritima-aws430#primaryimage\"},\"thumbnailUrl\":\"https:\/\/sistecma.com.pe\/wp-content\/uploads\/2024\/08\/AWS430.jpg\",\"datePublished\":\"2024-08-17T04:02:45+00:00\",\"dateModified\":\"2024-08-27T23:54:04+00:00\",\"breadcrumb\":{\"@id\":\"https:\/\/sistecma.com.pe\/?product=sistema-de-observacion-maritima-aws430#breadcrumb\"},\"inLanguage\":\"es-PE\",\"potentialAction\":[{\"@type\":\"ReadAction\",\"target\":[\"https:\/\/sistecma.com.pe\/?product=sistema-de-observacion-maritima-aws430\"]}]},{\"@type\":\"ImageObject\",\"inLanguage\":\"es-PE\",\"@id\":\"https:\/\/sistecma.com.pe\/?product=sistema-de-observacion-maritima-aws430#primaryimage\",\"url\":\"https:\/\/sistecma.com.pe\/wp-content\/uploads\/2024\/08\/AWS430.jpg\",\"contentUrl\":\"https:\/\/sistecma.com.pe\/wp-content\/uploads\/2024\/08\/AWS430.jpg\",\"width\":650,\"height\":365},{\"@type\":\"BreadcrumbList\",\"@id\":\"https:\/\/sistecma.com.pe\/?product=sistema-de-observacion-maritima-aws430#breadcrumb\",\"itemListElement\":[{\"@type\":\"ListItem\",\"position\":1,\"name\":\"Home\",\"item\":\"https:\/\/sistecma.com.pe\/\"},{\"@type\":\"ListItem\",\"position\":2,\"name\":\"Products\",\"item\":\"https:\/\/sistecma.com.pe\/?post_type=product\"},{\"@type\":\"ListItem\",\"position\":3,\"name\":\"Sistema de Observaci\u00f3n Mar\u00edtima &#8211; AWS430\"}]},{\"@type\":\"WebSite\",\"@id\":\"https:\/\/sistecma.com.pe\/#website\",\"url\":\"https:\/\/sistecma.com.pe\/\",\"name\":\"SISTECMA\",\"description\":\"\",\"potentialAction\":[{\"@type\":\"SearchAction\",\"target\":{\"@type\":\"EntryPoint\",\"urlTemplate\":\"https:\/\/sistecma.com.pe\/?s={search_term_string}\"},\"query-input\":{\"@type\":\"PropertyValueSpecification\",\"valueRequired\":true,\"valueName\":\"search_term_string\"}}],\"inLanguage\":\"es-PE\"}]}<\/script>\n<!-- \/ Yoast SEO plugin. -->","yoast_head_json":{"title":"Sistema de Observaci\u00f3n Mar\u00edtima - AWS430 - SISTECMA","robots":{"index":"index","follow":"follow","max-snippet":"max-snippet:-1","max-image-preview":"max-image-preview:large","max-video-preview":"max-video-preview:-1"},"canonical":"https:\/\/sistecma.com.pe\/?product=sistema-de-observacion-maritima-aws430","og_locale":"es_ES","og_type":"article","og_title":"Sistema de Observaci\u00f3n Mar\u00edtima - AWS430 - SISTECMA","og_description":"El sistema de observaci\u00f3n mar\u00edtima es una estaci\u00f3n meteorol\u00f3gica autom\u00e1tica dise\u00f1ada para entornos mar\u00edtimos marinos como barcos, embarcaciones FPSO y plataformas oce\u00e1nicas. Con opciones de sensores de terceros que incluyen oce\u00e1nicos observaciones, proporciona informaci\u00f3n s\u00f3lida y en tiempo real necesaria para hacer el complejo c\u00e1lculo del tiempo y de las condiciones oce\u00e1nicas necesarios para operaciones costa afuera seguras y eficientes. El sistema tambi\u00e9n est\u00e1 dise\u00f1ado para resistir la sal, humedad, temperaturas extremas y vibraciones y choques de impacto que son una parte diaria del trabajo en el mar","og_url":"https:\/\/sistecma.com.pe\/?product=sistema-de-observacion-maritima-aws430","og_site_name":"SISTECMA","article_modified_time":"2024-08-27T23:54:04+00:00","og_image":[{"width":650,"height":365,"url":"https:\/\/sistecma.com.pe\/wp-content\/uploads\/2024\/08\/AWS430.jpg","type":"image\/jpeg"}],"twitter_card":"summary_large_image","twitter_misc":{"Est. reading time":"1 minuto"},"schema":{"@context":"https:\/\/schema.org","@graph":[{"@type":"WebPage","@id":"https:\/\/sistecma.com.pe\/?product=sistema-de-observacion-maritima-aws430","url":"https:\/\/sistecma.com.pe\/?product=sistema-de-observacion-maritima-aws430","name":"Sistema de Observaci\u00f3n Mar\u00edtima - AWS430 - SISTECMA","isPartOf":{"@id":"https:\/\/sistecma.com.pe\/#website"},"primaryImageOfPage":{"@id":"https:\/\/sistecma.com.pe\/?product=sistema-de-observacion-maritima-aws430#primaryimage"},"image":{"@id":"https:\/\/sistecma.com.pe\/?product=sistema-de-observacion-maritima-aws430#primaryimage"},"thumbnailUrl":"https:\/\/sistecma.com.pe\/wp-content\/uploads\/2024\/08\/AWS430.jpg","datePublished":"2024-08-17T04:02:45+00:00","dateModified":"2024-08-27T23:54:04+00:00","breadcrumb":{"@id":"https:\/\/sistecma.com.pe\/?product=sistema-de-observacion-maritima-aws430#breadcrumb"},"inLanguage":"es-PE","potentialAction":[{"@type":"ReadAction","target":["https:\/\/sistecma.com.pe\/?product=sistema-de-observacion-maritima-aws430"]}]},{"@type":"ImageObject","inLanguage":"es-PE","@id":"https:\/\/sistecma.com.pe\/?product=sistema-de-observacion-maritima-aws430#primaryimage","url":"https:\/\/sistecma.com.pe\/wp-content\/uploads\/2024\/08\/AWS430.jpg","contentUrl":"https:\/\/sistecma.com.pe\/wp-content\/uploads\/2024\/08\/AWS430.jpg","width":650,"height":365},{"@type":"BreadcrumbList","@id":"https:\/\/sistecma.com.pe\/?product=sistema-de-observacion-maritima-aws430#breadcrumb","itemListElement":[{"@type":"ListItem","position":1,"name":"Home","item":"https:\/\/sistecma.com.pe\/"},{"@type":"ListItem","position":2,"name":"Products","item":"https:\/\/sistecma.com.pe\/?post_type=product"},{"@type":"ListItem","position":3,"name":"Sistema de Observaci\u00f3n Mar\u00edtima &#8211; AWS430"}]},{"@type":"WebSite","@id":"https:\/\/sistecma.com.pe\/#website","url":"https:\/\/sistecma.com.pe\/","name":"SISTECMA","description":"","potentialAction":[{"@type":"SearchAction","target":{"@type":"EntryPoint","urlTemplate":"https:\/\/sistecma.com.pe\/?s={search_term_string}"},"query-input":{"@type":"PropertyValueSpecification","valueRequired":true,"valueName":"search_term_string"}}],"inLanguage":"es-PE"}]}},"_links":{"self":[{"href":"https:\/\/sistecma.com.pe\/index.php?rest_route=\/wp\/v2\/product\/448","targetHints":{"allow":["GET"]}}],"collection":[{"href":"https:\/\/sistecma.com.pe\/index.php?rest_route=\/wp\/v2\/product"}],"about":[{"href":"https:\/\/sistecma.com.pe\/index.php?rest_route=\/wp\/v2\/types\/product"}],"replies":[{"embeddable":true,"href":"https:\/\/sistecma.com.pe\/index.php?rest_route=%2Fwp%2Fv2%2Fcomments&post=448"}],"wp:featuredmedia":[{"embeddable":true,"href":"https:\/\/sistecma.com.pe\/index.php?rest_route=\/wp\/v2\/media\/535"}],"wp:attachment":[{"href":"https:\/\/sistecma.com.pe\/index.php?rest_route=%2Fwp%2Fv2%2Fmedia&parent=448"}],"wp:term":[{"taxonomy":"product_cat","embeddable":true,"href":"https:\/\/sistecma.com.pe\/index.php?rest_route=%2Fwp%2Fv2%2Fproduct_cat&post=448"},{"taxonomy":"product_tag","embeddable":true,"href":"https:\/\/sistecma.com.pe\/index.php?rest_route=%2Fwp%2Fv2%2Fproduct_tag&post=448"}],"curies":[{"name":"wp","href":"https:\/\/api.w.org\/{rel}","templated":true}]}}