{"id":673,"date":"2024-08-26T22:51:37","date_gmt":"2024-08-26T22:51:37","guid":{"rendered":"https:\/\/sistecma.com.pe\/?page_id=673"},"modified":"2024-08-27T03:55:31","modified_gmt":"2024-08-27T03:55:31","slug":"noticias","status":"publish","type":"page","link":"https:\/\/sistecma.com.pe\/?page_id=673","title":{"rendered":"Noticias"},"content":{"rendered":"\t\t<div data-elementor-type=\"wp-page\" data-elementor-id=\"673\" class=\"elementor elementor-673\" data-elementor-post-type=\"page\">\n\t\t\t\t\t\t<section class=\"elementor-section elementor-top-section elementor-element elementor-element-cd53f5f elementor-section-boxed elementor-section-height-default elementor-section-height-default\" data-id=\"cd53f5f\" data-element_type=\"section\" data-settings=\"{&quot;background_background&quot;:&quot;classic&quot;}\">\n\t\t\t\t\t\t\t<div class=\"elementor-background-overlay\"><\/div>\n\t\t\t\t\t\t\t<div class=\"elementor-container elementor-column-gap-default\">\n\t\t\t\t\t<div class=\"elementor-column elementor-col-100 elementor-top-column elementor-element elementor-element-1993178\" data-id=\"1993178\" data-element_type=\"column\">\n\t\t\t<div class=\"elementor-widget-wrap elementor-element-populated\">\n\t\t\t\t\t\t<section class=\"elementor-section elementor-inner-section elementor-element elementor-element-dc9cfe1 elementor-section-boxed elementor-section-height-default elementor-section-height-default\" data-id=\"dc9cfe1\" data-element_type=\"section\">\n\t\t\t\t\t\t<div class=\"elementor-container elementor-column-gap-default\">\n\t\t\t\t\t<div class=\"elementor-column elementor-col-100 elementor-inner-column elementor-element elementor-element-892e8c9\" data-id=\"892e8c9\" data-element_type=\"column\">\n\t\t\t<div class=\"elementor-widget-wrap elementor-element-populated\">\n\t\t\t\t\t\t<div class=\"elementor-element elementor-element-0bf764b elementor-widget elementor-widget-heading\" data-id=\"0bf764b\" data-element_type=\"widget\" data-widget_type=\"heading.default\">\n\t\t\t\t<div class=\"elementor-widget-container\">\n\t\t\t<h2 class=\"elementor-heading-title elementor-size-default\">Noticias <\/h2>\t\t<\/div>\n\t\t\t\t<\/div>\n\t\t\t\t\t<\/div>\n\t\t<\/div>\n\t\t\t\t\t<\/div>\n\t\t<\/section>\n\t\t\t\t\t<\/div>\n\t\t<\/div>\n\t\t\t\t\t<\/div>\n\t\t<\/section>\n\t\t<div class=\"elementor-element elementor-element-122b8a9 e-flex e-con-boxed e-con e-parent\" data-id=\"122b8a9\" data-element_type=\"container\">\n\t\t\t\t\t<div class=\"e-con-inner\">\n\t\t\t\t<div class=\"elementor-element elementor-element-29ae2c2 elementor-grid-3 elementor-grid-tablet-2 elementor-grid-mobile-1 elementor-posts--thumbnail-top elementor-card-shadow-yes elementor-posts__hover-gradient elementor-widget elementor-widget-posts\" data-id=\"29ae2c2\" data-element_type=\"widget\" data-settings=\"{&quot;pagination_type&quot;:&quot;numbers&quot;,&quot;cards_columns&quot;:&quot;3&quot;,&quot;cards_columns_tablet&quot;:&quot;2&quot;,&quot;cards_columns_mobile&quot;:&quot;1&quot;,&quot;cards_row_gap&quot;:{&quot;unit&quot;:&quot;px&quot;,&quot;size&quot;:35,&quot;sizes&quot;:[]},&quot;cards_row_gap_tablet&quot;:{&quot;unit&quot;:&quot;px&quot;,&quot;size&quot;:&quot;&quot;,&quot;sizes&quot;:[]},&quot;cards_row_gap_mobile&quot;:{&quot;unit&quot;:&quot;px&quot;,&quot;size&quot;:&quot;&quot;,&quot;sizes&quot;:[]}}\" data-widget_type=\"posts.cards\">\n\t\t\t\t<div class=\"elementor-widget-container\">\n\t\t\t\t\t<div class=\"elementor-posts-container elementor-posts elementor-posts--skin-cards elementor-grid\">\n\t\t\t\t<article class=\"elementor-post elementor-grid-item post-1005 post type-post status-publish format-standard has-post-thumbnail hentry category-uncategorized\">\n\t\t\t<div class=\"elementor-post__card\">\n\t\t\t\t<a class=\"elementor-post__thumbnail__link\" href=\"https:\/\/sistecma.com.pe\/?p=1005\" tabindex=\"-1\" ><div class=\"elementor-post__thumbnail\"><img fetchpriority=\"high\" decoding=\"async\" width=\"300\" height=\"225\" src=\"https:\/\/sistecma.com.pe\/wp-content\/uploads\/2025\/01\/IMG-20250107-WA0008-300x225.jpg\" class=\"attachment-medium size-medium wp-image-1007\" alt=\"\" srcset=\"https:\/\/sistecma.com.pe\/wp-content\/uploads\/2025\/01\/IMG-20250107-WA0008-300x225.jpg 300w, https:\/\/sistecma.com.pe\/wp-content\/uploads\/2025\/01\/IMG-20250107-WA0008-1024x768.jpg 1024w, https:\/\/sistecma.com.pe\/wp-content\/uploads\/2025\/01\/IMG-20250107-WA0008-768x576.jpg 768w, https:\/\/sistecma.com.pe\/wp-content\/uploads\/2025\/01\/IMG-20250107-WA0008-1536x1152.jpg 1536w, https:\/\/sistecma.com.pe\/wp-content\/uploads\/2025\/01\/IMG-20250107-WA0008-600x450.jpg 600w, https:\/\/sistecma.com.pe\/wp-content\/uploads\/2025\/01\/IMG-20250107-WA0008.jpg 1600w\" sizes=\"(max-width: 300px) 100vw, 300px\" \/><\/div><\/a>\n\t\t\t\t<div class=\"elementor-post__text\">\n\t\t\t\t<h3 class=\"elementor-post__title\">\n\t\t\t<a href=\"https:\/\/sistecma.com.pe\/?p=1005\" >\n\t\t\t\tCapacitaci\u00f3n al personal de SENAMHI sobre uso del Datalogger Vaisala QML201C y el nuevo Datalogger DMU801\t\t\t<\/a>\n\t\t<\/h3>\n\t\t\t\t<div class=\"elementor-post__excerpt\">\n\t\t\t<p>Del 18 al 29 de Noviembre de 2024 se realiz\u00f3<\/p>\n\t\t<\/div>\n\t\t\n\t\t<a class=\"elementor-post__read-more\" href=\"https:\/\/sistecma.com.pe\/?p=1005\" aria-label=\"Read more about Capacitaci\u00f3n al personal de SENAMHI sobre uso del Datalogger Vaisala QML201C y el nuevo Datalogger DMU801\" tabindex=\"-1\" >\n\t\t\tVer M\u00e1s \u00bb\t\t<\/a>\n\n\t\t\t\t<\/div>\n\t\t\t\t<div class=\"elementor-post__meta-data\">\n\t\t\t\t\t<span class=\"elementor-post-date\">\n\t\t\tenero 7, 2025\t\t<\/span>\n\t\t\t\t<span class=\"elementor-post-avatar\">\n\t\t\tNo hay comentarios\t\t<\/span>\n\t\t\t\t<\/div>\n\t\t\t\t\t<\/div>\n\t\t<\/article>\n\t\t\t\t<article class=\"elementor-post elementor-grid-item post-703 post type-post status-publish format-standard has-post-thumbnail hentry category-uncategorized\">\n\t\t\t<div class=\"elementor-post__card\">\n\t\t\t\t<a class=\"elementor-post__thumbnail__link\" href=\"https:\/\/sistecma.com.pe\/?p=703\" tabindex=\"-1\" ><div class=\"elementor-post__thumbnail\"><img decoding=\"async\" width=\"240\" height=\"300\" src=\"https:\/\/sistecma.com.pe\/wp-content\/uploads\/2024\/08\/negocio-moderno-edificio-paisaje-tocando-cielo_181624-5785-240x300.jpg\" class=\"attachment-medium size-medium wp-image-705\" alt=\"\" srcset=\"https:\/\/sistecma.com.pe\/wp-content\/uploads\/2024\/08\/negocio-moderno-edificio-paisaje-tocando-cielo_181624-5785-240x300.jpg 240w, https:\/\/sistecma.com.pe\/wp-content\/uploads\/2024\/08\/negocio-moderno-edificio-paisaje-tocando-cielo_181624-5785-600x750.jpg 600w, https:\/\/sistecma.com.pe\/wp-content\/uploads\/2024\/08\/negocio-moderno-edificio-paisaje-tocando-cielo_181624-5785-819x1024.jpg 819w, https:\/\/sistecma.com.pe\/wp-content\/uploads\/2024\/08\/negocio-moderno-edificio-paisaje-tocando-cielo_181624-5785-768x960.jpg 768w, https:\/\/sistecma.com.pe\/wp-content\/uploads\/2024\/08\/negocio-moderno-edificio-paisaje-tocando-cielo_181624-5785-1229x1536.jpg 1229w, https:\/\/sistecma.com.pe\/wp-content\/uploads\/2024\/08\/negocio-moderno-edificio-paisaje-tocando-cielo_181624-5785.jpg 1380w\" sizes=\"(max-width: 240px) 100vw, 240px\" \/><\/div><\/a>\n\t\t\t\t<div class=\"elementor-post__text\">\n\t\t\t\t<h3 class=\"elementor-post__title\">\n\t\t\t<a href=\"https:\/\/sistecma.com.pe\/?p=703\" >\n\t\t\t\tDatos meteorol\u00f3gicos integrados para operaciones de construcci\u00f3n eficientes\t\t\t<\/a>\n\t\t<\/h3>\n\t\t\t\t<div class=\"elementor-post__excerpt\">\n\t\t\t<p>Mejorando el desempe\u00f1o La sostenibilidad es un objetivo de rendimiento<\/p>\n\t\t<\/div>\n\t\t\n\t\t<a class=\"elementor-post__read-more\" href=\"https:\/\/sistecma.com.pe\/?p=703\" aria-label=\"Read more about Datos meteorol\u00f3gicos integrados para operaciones de construcci\u00f3n eficientes\" tabindex=\"-1\" >\n\t\t\tVer M\u00e1s \u00bb\t\t<\/a>\n\n\t\t\t\t<\/div>\n\t\t\t\t<div class=\"elementor-post__meta-data\">\n\t\t\t\t\t<span class=\"elementor-post-date\">\n\t\t\tagosto 27, 2024\t\t<\/span>\n\t\t\t\t<span class=\"elementor-post-avatar\">\n\t\t\tNo hay comentarios\t\t<\/span>\n\t\t\t\t<\/div>\n\t\t\t\t\t<\/div>\n\t\t<\/article>\n\t\t\t\t<article class=\"elementor-post elementor-grid-item post-700 post type-post status-publish format-standard has-post-thumbnail hentry category-uncategorized\">\n\t\t\t<div class=\"elementor-post__card\">\n\t\t\t\t<a class=\"elementor-post__thumbnail__link\" href=\"https:\/\/sistecma.com.pe\/?p=700\" tabindex=\"-1\" ><div class=\"elementor-post__thumbnail\"><img decoding=\"async\" width=\"300\" height=\"147\" src=\"https:\/\/sistecma.com.pe\/wp-content\/uploads\/2024\/08\/Screenshot-2024-08-26-at-6.56.23\u202fPM-300x147.png\" class=\"attachment-medium size-medium wp-image-701\" alt=\"\" srcset=\"https:\/\/sistecma.com.pe\/wp-content\/uploads\/2024\/08\/Screenshot-2024-08-26-at-6.56.23\u202fPM-300x147.png 300w, https:\/\/sistecma.com.pe\/wp-content\/uploads\/2024\/08\/Screenshot-2024-08-26-at-6.56.23\u202fPM-600x295.png 600w, https:\/\/sistecma.com.pe\/wp-content\/uploads\/2024\/08\/Screenshot-2024-08-26-at-6.56.23\u202fPM-1024x503.png 1024w, https:\/\/sistecma.com.pe\/wp-content\/uploads\/2024\/08\/Screenshot-2024-08-26-at-6.56.23\u202fPM-768x377.png 768w, https:\/\/sistecma.com.pe\/wp-content\/uploads\/2024\/08\/Screenshot-2024-08-26-at-6.56.23\u202fPM-1536x755.png 1536w, https:\/\/sistecma.com.pe\/wp-content\/uploads\/2024\/08\/Screenshot-2024-08-26-at-6.56.23\u202fPM.png 1600w\" sizes=\"(max-width: 300px) 100vw, 300px\" \/><\/div><\/a>\n\t\t\t\t<div class=\"elementor-post__text\">\n\t\t\t\t<h3 class=\"elementor-post__title\">\n\t\t\t<a href=\"https:\/\/sistecma.com.pe\/?p=700\" >\n\t\t\t\tPor qu\u00e9 la medici\u00f3n fiable es clave para la econom\u00eda del hidr\u00f3geno y la transici\u00f3n ecol\u00f3gica\t\t\t<\/a>\n\t\t<\/h3>\n\t\t\t\t<div class=\"elementor-post__excerpt\">\n\t\t\t<p>El hidr\u00f3geno muestra un potencial significativo como facilitador de la<\/p>\n\t\t<\/div>\n\t\t\n\t\t<a class=\"elementor-post__read-more\" href=\"https:\/\/sistecma.com.pe\/?p=700\" aria-label=\"Read more about Por qu\u00e9 la medici\u00f3n fiable es clave para la econom\u00eda del hidr\u00f3geno y la transici\u00f3n ecol\u00f3gica\" tabindex=\"-1\" >\n\t\t\tVer M\u00e1s \u00bb\t\t<\/a>\n\n\t\t\t\t<\/div>\n\t\t\t\t<div class=\"elementor-post__meta-data\">\n\t\t\t\t\t<span class=\"elementor-post-date\">\n\t\t\tagosto 26, 2024\t\t<\/span>\n\t\t\t\t<span class=\"elementor-post-avatar\">\n\t\t\tNo hay comentarios\t\t<\/span>\n\t\t\t\t<\/div>\n\t\t\t\t\t<\/div>\n\t\t<\/article>\n\t\t\t\t<article class=\"elementor-post elementor-grid-item post-687 post type-post status-publish format-standard has-post-thumbnail hentry category-uncategorized\">\n\t\t\t<div class=\"elementor-post__card\">\n\t\t\t\t<a class=\"elementor-post__thumbnail__link\" href=\"https:\/\/sistecma.com.pe\/?p=687\" tabindex=\"-1\" ><div class=\"elementor-post__thumbnail\"><img loading=\"lazy\" decoding=\"async\" width=\"300\" height=\"225\" src=\"https:\/\/sistecma.com.pe\/wp-content\/uploads\/2024\/08\/WhatsApp-Image-2024-08-21-at-16.59.14-1-300x225.jpeg\" class=\"attachment-medium size-medium wp-image-695\" alt=\"\" srcset=\"https:\/\/sistecma.com.pe\/wp-content\/uploads\/2024\/08\/WhatsApp-Image-2024-08-21-at-16.59.14-1-300x225.jpeg 300w, https:\/\/sistecma.com.pe\/wp-content\/uploads\/2024\/08\/WhatsApp-Image-2024-08-21-at-16.59.14-1-600x450.jpeg 600w, https:\/\/sistecma.com.pe\/wp-content\/uploads\/2024\/08\/WhatsApp-Image-2024-08-21-at-16.59.14-1-1024x768.jpeg 1024w, https:\/\/sistecma.com.pe\/wp-content\/uploads\/2024\/08\/WhatsApp-Image-2024-08-21-at-16.59.14-1-768x576.jpeg 768w, https:\/\/sistecma.com.pe\/wp-content\/uploads\/2024\/08\/WhatsApp-Image-2024-08-21-at-16.59.14-1.jpeg 1280w\" sizes=\"(max-width: 300px) 100vw, 300px\" \/><\/div><\/a>\n\t\t\t\t<div class=\"elementor-post__text\">\n\t\t\t\t<h3 class=\"elementor-post__title\">\n\t\t\t<a href=\"https:\/\/sistecma.com.pe\/?p=687\" >\n\t\t\t\tCapacitaci\u00f3n  en el uso y el mantenimiento, configuraci\u00f3n y lanzamiento, monitoreo de sondeo, transmisi\u00f3n de mensaje  y resoluci\u00f3n de problemas del sistema  de Radiosondeo Vaisala.\t\t\t<\/a>\n\t\t<\/h3>\n\t\t\t\t<div class=\"elementor-post__excerpt\">\n\t\t\t\t\t<\/div>\n\t\t\n\t\t<a class=\"elementor-post__read-more\" href=\"https:\/\/sistecma.com.pe\/?p=687\" aria-label=\"Read more about Capacitaci\u00f3n  en el uso y el mantenimiento, configuraci\u00f3n y lanzamiento, monitoreo de sondeo, transmisi\u00f3n de mensaje  y resoluci\u00f3n de problemas del sistema  de Radiosondeo Vaisala.\" tabindex=\"-1\" >\n\t\t\tVer M\u00e1s \u00bb\t\t<\/a>\n\n\t\t\t\t<\/div>\n\t\t\t\t<div class=\"elementor-post__meta-data\">\n\t\t\t\t\t<span class=\"elementor-post-date\">\n\t\t\tagosto 26, 2024\t\t<\/span>\n\t\t\t\t<span class=\"elementor-post-avatar\">\n\t\t\tNo hay comentarios\t\t<\/span>\n\t\t\t\t<\/div>\n\t\t\t\t\t<\/div>\n\t\t<\/article>\n\t\t\t\t<\/div>\n\t\t\n\t\t\t\t<\/div>\n\t\t\t\t<\/div>\n\t\t\t\t\t<\/div>\n\t\t\t\t<\/div>\n\t\t\t\t<section class=\"elementor-section elementor-top-section elementor-element elementor-element-63029653 elementor-section-boxed elementor-section-height-default elementor-section-height-default\" data-id=\"63029653\" data-element_type=\"section\" data-settings=\"{&quot;background_background&quot;:&quot;classic&quot;}\">\n\t\t\t\t\t\t<div class=\"elementor-container elementor-column-gap-no\">\n\t\t\t\t\t<div class=\"elementor-column elementor-col-100 elementor-top-column elementor-element elementor-element-3ddb7175\" data-id=\"3ddb7175\" data-element_type=\"column\">\n\t\t\t<div class=\"elementor-widget-wrap elementor-element-populated\">\n\t\t\t\t\t\t<div class=\"elementor-element elementor-element-7b40b58b elementor-invisible elementor-widget elementor-widget-eael-cta-box\" data-id=\"7b40b58b\" data-element_type=\"widget\" data-settings=\"{&quot;_animation&quot;:&quot;fadeInUp&quot;}\" data-widget_type=\"eael-cta-box.default\">\n\t\t\t\t<div class=\"elementor-widget-container\">\n\t\t\t\t\t\t<div class=\"eael-call-to-action cta-flex bg-lite cta-preset-1\">\n\t    <div class=\"content\">\n            <h4 class=\"sub-title\">Cont\u00e1ctanos hoy mismo<\/h4><h2 class=\"title\"> para conocer c\u00f3mo podemos ayudarte<\/h2><p>\u00a1Estamos aqu\u00ed para asesorarte!<\/p>\t    <\/div>\n\t    <div class=\"action\">\n\t        <a href=\"https:\/\/sistecma.com.pe\/?page_id=51\" class=\"cta-button  \">Cont\u00e1ctenos<\/a>\t    <\/div>\n\t<\/div>\n\t\t\t\t\t<\/div>\n\t\t\t\t<\/div>\n\t\t\t\t\t<\/div>\n\t\t<\/div>\n\t\t\t\t\t<\/div>\n\t\t<\/section>\n\t\t\t\t<\/div>\n\t\t","protected":false},"excerpt":{"rendered":"<p>Noticias Cont\u00e1ctanos hoy mismo para conocer c\u00f3mo podemos ayudarte \u00a1Estamos aqu\u00ed para asesorarte! Cont\u00e1ctenos<\/p>\n","protected":false},"author":1,"featured_media":0,"parent":0,"menu_order":0,"comment_status":"closed","ping_status":"closed","template":"elementor_header_footer","meta":{"_joinchat":[],"footnotes":""},"class_list":["post-673","page","type-page","status-publish","hentry"],"yoast_head":"<!-- This site is optimized with the Yoast SEO plugin v23.7 - https:\/\/yoast.com\/wordpress\/plugins\/seo\/ -->\n<title>Noticias - SISTECMA<\/title>\n<meta name=\"robots\" content=\"index, follow, max-snippet:-1, max-image-preview:large, max-video-preview:-1\" \/>\n<link rel=\"canonical\" href=\"https:\/\/sistecma.com.pe\/?page_id=673\" \/>\n<meta property=\"og:locale\" content=\"es_ES\" \/>\n<meta property=\"og:type\" content=\"article\" \/>\n<meta property=\"og:title\" content=\"Noticias - SISTECMA\" \/>\n<meta property=\"og:description\" content=\"Noticias Cont\u00e1ctanos hoy mismo para conocer c\u00f3mo podemos ayudarte \u00a1Estamos aqu\u00ed para asesorarte! Cont\u00e1ctenos\" \/>\n<meta property=\"og:url\" content=\"https:\/\/sistecma.com.pe\/?page_id=673\" \/>\n<meta property=\"og:site_name\" content=\"SISTECMA\" \/>\n<meta property=\"article:modified_time\" content=\"2024-08-27T03:55:31+00:00\" \/>\n<meta name=\"twitter:card\" content=\"summary_large_image\" \/>\n<script type=\"application\/ld+json\" class=\"yoast-schema-graph\">{\"@context\":\"https:\/\/schema.org\",\"@graph\":[{\"@type\":\"WebPage\",\"@id\":\"https:\/\/sistecma.com.pe\/?page_id=673\",\"url\":\"https:\/\/sistecma.com.pe\/?page_id=673\",\"name\":\"Noticias - SISTECMA\",\"isPartOf\":{\"@id\":\"https:\/\/sistecma.com.pe\/#website\"},\"datePublished\":\"2024-08-26T22:51:37+00:00\",\"dateModified\":\"2024-08-27T03:55:31+00:00\",\"breadcrumb\":{\"@id\":\"https:\/\/sistecma.com.pe\/?page_id=673#breadcrumb\"},\"inLanguage\":\"es-PE\",\"potentialAction\":[{\"@type\":\"ReadAction\",\"target\":[\"https:\/\/sistecma.com.pe\/?page_id=673\"]}]},{\"@type\":\"BreadcrumbList\",\"@id\":\"https:\/\/sistecma.com.pe\/?page_id=673#breadcrumb\",\"itemListElement\":[{\"@type\":\"ListItem\",\"position\":1,\"name\":\"Home\",\"item\":\"https:\/\/sistecma.com.pe\/\"},{\"@type\":\"ListItem\",\"position\":2,\"name\":\"Noticias\"}]},{\"@type\":\"WebSite\",\"@id\":\"https:\/\/sistecma.com.pe\/#website\",\"url\":\"https:\/\/sistecma.com.pe\/\",\"name\":\"SISTECMA\",\"description\":\"\",\"potentialAction\":[{\"@type\":\"SearchAction\",\"target\":{\"@type\":\"EntryPoint\",\"urlTemplate\":\"https:\/\/sistecma.com.pe\/?s={search_term_string}\"},\"query-input\":{\"@type\":\"PropertyValueSpecification\",\"valueRequired\":true,\"valueName\":\"search_term_string\"}}],\"inLanguage\":\"es-PE\"}]}<\/script>\n<!-- \/ Yoast SEO plugin. -->","yoast_head_json":{"title":"Noticias - SISTECMA","robots":{"index":"index","follow":"follow","max-snippet":"max-snippet:-1","max-image-preview":"max-image-preview:large","max-video-preview":"max-video-preview:-1"},"canonical":"https:\/\/sistecma.com.pe\/?page_id=673","og_locale":"es_ES","og_type":"article","og_title":"Noticias - SISTECMA","og_description":"Noticias Cont\u00e1ctanos hoy mismo para conocer c\u00f3mo podemos ayudarte \u00a1Estamos aqu\u00ed para asesorarte! Cont\u00e1ctenos","og_url":"https:\/\/sistecma.com.pe\/?page_id=673","og_site_name":"SISTECMA","article_modified_time":"2024-08-27T03:55:31+00:00","twitter_card":"summary_large_image","schema":{"@context":"https:\/\/schema.org","@graph":[{"@type":"WebPage","@id":"https:\/\/sistecma.com.pe\/?page_id=673","url":"https:\/\/sistecma.com.pe\/?page_id=673","name":"Noticias - SISTECMA","isPartOf":{"@id":"https:\/\/sistecma.com.pe\/#website"},"datePublished":"2024-08-26T22:51:37+00:00","dateModified":"2024-08-27T03:55:31+00:00","breadcrumb":{"@id":"https:\/\/sistecma.com.pe\/?page_id=673#breadcrumb"},"inLanguage":"es-PE","potentialAction":[{"@type":"ReadAction","target":["https:\/\/sistecma.com.pe\/?page_id=673"]}]},{"@type":"BreadcrumbList","@id":"https:\/\/sistecma.com.pe\/?page_id=673#breadcrumb","itemListElement":[{"@type":"ListItem","position":1,"name":"Home","item":"https:\/\/sistecma.com.pe\/"},{"@type":"ListItem","position":2,"name":"Noticias"}]},{"@type":"WebSite","@id":"https:\/\/sistecma.com.pe\/#website","url":"https:\/\/sistecma.com.pe\/","name":"SISTECMA","description":"","potentialAction":[{"@type":"SearchAction","target":{"@type":"EntryPoint","urlTemplate":"https:\/\/sistecma.com.pe\/?s={search_term_string}"},"query-input":{"@type":"PropertyValueSpecification","valueRequired":true,"valueName":"search_term_string"}}],"inLanguage":"es-PE"}]}},"_links":{"self":[{"href":"https:\/\/sistecma.com.pe\/index.php?rest_route=\/wp\/v2\/pages\/673","targetHints":{"allow":["GET"]}}],"collection":[{"href":"https:\/\/sistecma.com.pe\/index.php?rest_route=\/wp\/v2\/pages"}],"about":[{"href":"https:\/\/sistecma.com.pe\/index.php?rest_route=\/wp\/v2\/types\/page"}],"author":[{"embeddable":true,"href":"https:\/\/sistecma.com.pe\/index.php?rest_route=\/wp\/v2\/users\/1"}],"replies":[{"embeddable":true,"href":"https:\/\/sistecma.com.pe\/index.php?rest_route=%2Fwp%2Fv2%2Fcomments&post=673"}],"version-history":[{"count":29,"href":"https:\/\/sistecma.com.pe\/index.php?rest_route=\/wp\/v2\/pages\/673\/revisions"}],"predecessor-version":[{"id":1004,"href":"https:\/\/sistecma.com.pe\/index.php?rest_route=\/wp\/v2\/pages\/673\/revisions\/1004"}],"wp:attachment":[{"href":"https:\/\/sistecma.com.pe\/index.php?rest_route=%2Fwp%2Fv2%2Fmedia&parent=673"}],"curies":[{"name":"wp","href":"https:\/\/api.w.org\/{rel}","templated":true}]}}